{"id":212,"date":"2017-12-20T23:40:17","date_gmt":"2017-12-20T23:40:17","guid":{"rendered":"https:\/\/cusc-ccreu.ca\/wordpress\/?page_id=212"},"modified":"2019-07-31T16:42:10","modified_gmt":"2019-07-31T21:42:10","slug":"participation","status":"publish","type":"page","link":"https:\/\/cusc-ccreu.ca\/wordpress\/?page_id=212&lang=fr","title":{"rendered":"Participation"},"content":{"rendered":"<h2 id=\"tablepress-2-name\" class=\"tablepress-table-name tablepress-table-name-id-2\">Nombre d\u2019universit\u00e9s ayant particip\u00e9 aux sondages du CCREU depuis 1994<\/h2>\n\n<table id=\"tablepress-2\" class=\"tablepress tablepress-id-2\" aria-labelledby=\"tablepress-2-name\">\n<thead>\n<tr class=\"row-1\">\n\t<th class=\"column-1\">Ann\u00e9e<\/th><th class=\"column-2\">\u00c9chantillon<\/th><th class=\"column-3\">Nombre d'universit\u00e9s participantes<\/th>\n<\/tr>\n<\/thead>\n<tbody class=\"row-striping row-hover\">\n<tr class=\"row-2\">\n\t<td class=\"column-1\">2023<\/td><td class=\"column-2\">\u00c9tudiants d'ann\u00e9es interm\u00e9diaires<\/td><td class=\"column-3\">29<\/td>\n<\/tr>\n<tr class=\"row-3\">\n\t<td class=\"column-1\">2022<\/td><td class=\"column-2\">\u00c9tudiants de premi\u00e8re ann\u00e9e<\/td><td class=\"column-3\">44<\/td>\n<\/tr>\n<tr class=\"row-4\">\n\t<td class=\"column-1\">2021<\/td><td class=\"column-2\">\u00c9tudiants de derni\u00e8re ann\u00e9e<\/td><td class=\"column-3\">32<\/td>\n<\/tr>\n<tr class=\"row-5\">\n\t<td class=\"column-1\">2020<\/td><td class=\"column-2\"> \u00c9tudiants d'ann\u00e9es interm\u00e9diares<\/td><td class=\"column-3\">29<\/td>\n<\/tr>\n<tr class=\"row-6\">\n\t<td class=\"column-1\">2019<\/td><td class=\"column-2\">\u00c9tudiants de premi\u00e8re ann\u00e9e<\/td><td class=\"column-3\">46<\/td>\n<\/tr>\n<tr class=\"row-7\">\n\t<td class=\"column-1\">2018<\/td><td class=\"column-2\">\u00c9tudiants de derni\u00e8re ann\u00e9e<\/td><td class=\"column-3\">32<\/td>\n<\/tr>\n<tr class=\"row-8\">\n\t<td class=\"column-1\"> 2017<\/td><td class=\"column-2\"> \u00c9tudiants d'ann\u00e9es interm\u00e9diares<\/td><td class=\"column-3\"> 24<\/td>\n<\/tr>\n<tr class=\"row-9\">\n\t<td class=\"column-1\"> 2016<\/td><td class=\"column-2\">\u00c9tudiants de premi\u00e8re ann\u00e9e<\/td><td class=\"column-3\"> 34<\/td>\n<\/tr>\n<tr class=\"row-10\">\n\t<td class=\"column-1\"> 2015<\/td><td class=\"column-2\">\u00c9tudiants de derni\u00e8re ann\u00e9e<\/td><td class=\"column-3\"> 36<\/td>\n<\/tr>\n<tr class=\"row-11\">\n\t<td class=\"column-1\"> 2014<\/td><td class=\"column-2\"> \u00c9tudiants d'ann\u00e9es interm\u00e9diares<\/td><td class=\"column-3\"> 28<\/td>\n<\/tr>\n<tr class=\"row-12\">\n\t<td class=\"column-1\"> 2013<\/td><td class=\"column-2\">\u00c9tudiants de premi\u00e8re ann\u00e9e<\/td><td class=\"column-3\"> 35<\/td>\n<\/tr>\n<tr class=\"row-13\">\n\t<td class=\"column-1\"> 2012<\/td><td class=\"column-2\">\u00c9tudiants de derni\u00e8re ann\u00e9e<\/td><td class=\"column-3\"> 36<\/td>\n<\/tr>\n<tr class=\"row-14\">\n\t<td class=\"column-1\"> 2011<\/td><td class=\"column-2\">Tous les \u00e9tudiants du 1er cycle <\/td><td class=\"column-3\"> 26<\/td>\n<\/tr>\n<tr class=\"row-15\">\n\t<td class=\"column-1\"> 2010<\/td><td class=\"column-2\">\u00c9tudiants de premi\u00e8re ann\u00e9e<\/td><td class=\"column-3\"> 39<\/td>\n<\/tr>\n<tr class=\"row-16\">\n\t<td class=\"column-1\"> 2009<\/td><td class=\"column-2\">\u00c9tudiants de derni\u00e8re ann\u00e9e<\/td><td class=\"column-3\"> 34<\/td>\n<\/tr>\n<tr class=\"row-17\">\n\t<td class=\"column-1\"> 2008<\/td><td class=\"column-2\">Tous les \u00e9tudiants du 1er cycle <\/td><td class=\"column-3\"> 31<\/td>\n<\/tr>\n<tr class=\"row-18\">\n\t<td class=\"column-1\"> 2007<\/td><td class=\"column-2\">\u00c9tudiants de premi\u00e8re ann\u00e9e<\/td><td class=\"column-3\"> 34<\/td>\n<\/tr>\n<tr class=\"row-19\">\n\t<td class=\"column-1\"> 2006<\/td><td class=\"column-2\">\u00c9tudiants de derni\u00e8re ann\u00e9e<\/td><td class=\"column-3\"> 25<\/td>\n<\/tr>\n<tr class=\"row-20\">\n\t<td class=\"column-1\"> 2005<\/td><td class=\"column-2\">Tous les \u00e9tudiants du 1er cycle <\/td><td class=\"column-3\"> 28<\/td>\n<\/tr>\n<tr class=\"row-21\">\n\t<td class=\"column-1\"> 2004<\/td><td class=\"column-2\">\u00c9tudiants de premi\u00e8re ann\u00e9e<\/td><td class=\"column-3\"> 27<\/td>\n<\/tr>\n<tr class=\"row-22\">\n\t<td class=\"column-1\"> 2003<\/td><td class=\"column-2\">\u00c9tudiants de derni\u00e8re ann\u00e9e<\/td><td class=\"column-3\"> 26<\/td>\n<\/tr>\n<tr class=\"row-23\">\n\t<td class=\"column-1\"> 2002<\/td><td class=\"column-2\">Tous les \u00e9tudiants du 1er cycle <\/td><td class=\"column-3\"> 30<\/td>\n<\/tr>\n<tr class=\"row-24\">\n\t<td class=\"column-1\"> 2001<\/td><td class=\"column-2\">\u00c9tudiants de premi\u00e8re ann\u00e9e<\/td><td class=\"column-3\"> 26<\/td>\n<\/tr>\n<tr class=\"row-25\">\n\t<td class=\"column-1\"> 2000<\/td><td class=\"column-2\">\u00c9tudiants de derni\u00e8re ann\u00e9e<\/td><td class=\"column-3\"> 22<\/td>\n<\/tr>\n<tr class=\"row-26\">\n\t<td class=\"column-1\"> 1999<\/td><td class=\"column-2\">Tous les \u00e9tudiants du 1er cycle <\/td><td class=\"column-3\"> 23<\/td>\n<\/tr>\n<tr class=\"row-27\">\n\t<td class=\"column-1\"> 1998<\/td><td class=\"column-2\">\u00c9tudiants de premi\u00e8re ann\u00e9e<\/td><td class=\"column-3\"> 19<\/td>\n<\/tr>\n<tr class=\"row-28\">\n\t<td class=\"column-1\"> 1997<\/td><td class=\"column-2\">\u00c9tudiants de derni\u00e8re ann\u00e9e<\/td><td class=\"column-3\"> 9<\/td>\n<\/tr>\n<tr class=\"row-29\">\n\t<td class=\"column-1\"> 1996<\/td><td class=\"column-2\">Tous les \u00e9tudiants du 1er cycle <\/td><td class=\"column-3\"> 9<\/td>\n<\/tr>\n<tr class=\"row-30\">\n\t<td class=\"column-1\"> 1994<\/td><td class=\"column-2\">Tous les \u00e9tudiants du 1er cycle <\/td><td class=\"column-3\"> 8<\/td>\n<\/tr>\n<\/tbody>\n<\/table>\n\n","protected":false},"excerpt":{"rendered":"","protected":false},"author":1,"featured_media":0,"parent":185,"menu_order":0,"comment_status":"closed","ping_status":"closed","template":"","meta":{"_uag_custom_page_level_css":"","site-sidebar-layout":"default","site-content-layout":"","ast-site-content-layout":"default","site-content-style":"default","site-sidebar-style":"default","ast-global-header-display":"","ast-banner-title-visibility":"","ast-main-header-display":"","ast-hfb-above-header-display":"","ast-hfb-below-header-display":"","ast-hfb-mobile-header-display":"","site-post-title":"","ast-breadcrumbs-content":"","ast-featured-img":"","footer-sml-layout":"","ast-disable-related-posts":"","theme-transparent-header-meta":"","adv-header-id-meta":"","stick-header-meta":"","header-above-stick-meta":"","header-main-stick-meta":"","header-below-stick-meta":"","astra-migrate-meta-layouts":"default","ast-page-background-enabled":"default","ast-page-background-meta":{"desktop":{"background-color":"var(--ast-global-color-4)","background-image":"","background-repeat":"repeat","background-position":"center center","background-size":"auto","background-attachment":"scroll","background-type":"","background-media":"","overlay-type":"","overlay-color":"","overlay-opacity":"","overlay-gradient":""},"tablet":{"background-color":"","background-image":"","background-repeat":"repeat","background-position":"center center","background-size":"auto","background-attachment":"scroll","background-type":"","background-media":"","overlay-type":"","overlay-color":"","overlay-opacity":"","overlay-gradient":""},"mobile":{"background-color":"","background-image":"","background-repeat":"repeat","background-position":"center center","background-size":"auto","background-attachment":"scroll","background-type":"","background-media":"","overlay-type":"","overlay-color":"","overlay-opacity":"","overlay-gradient":""}},"ast-content-background-meta":{"desktop":{"background-color":"var(--ast-global-color-5)","background-image":"","background-repeat":"repeat","background-position":"center center","background-size":"auto","background-attachment":"scroll","background-type":"","background-media":"","overlay-type":"","overlay-color":"","overlay-opacity":"","overlay-gradient":""},"tablet":{"background-color":"var(--ast-global-color-5)","background-image":"","background-repeat":"repeat","background-position":"center center","background-size":"auto","background-attachment":"scroll","background-type":"","background-media":"","overlay-type":"","overlay-color":"","overlay-opacity":"","overlay-gradient":""},"mobile":{"background-color":"var(--ast-global-color-5)","background-image":"","background-repeat":"repeat","background-position":"center center","background-size":"auto","background-attachment":"scroll","background-type":"","background-media":"","overlay-type":"","overlay-color":"","overlay-opacity":"","overlay-gradient":""}},"footnotes":""},"class_list":["post-212","page","type-page","status-publish","hentry"],"uagb_featured_image_src":{"full":false,"thumbnail":false,"medium":false,"medium_large":false,"large":false,"1536x1536":false,"2048x2048":false},"uagb_author_info":{"display_name":"cuscccreu_0","author_link":"https:\/\/cusc-ccreu.ca\/wordpress\/?author=1"},"uagb_comment_info":0,"uagb_excerpt":null,"_links":{"self":[{"href":"https:\/\/cusc-ccreu.ca\/wordpress\/index.php?rest_route=\/wp\/v2\/pages\/212","targetHints":{"allow":["GET"]}}],"collection":[{"href":"https:\/\/cusc-ccreu.ca\/wordpress\/index.php?rest_route=\/wp\/v2\/pages"}],"about":[{"href":"https:\/\/cusc-ccreu.ca\/wordpress\/index.php?rest_route=\/wp\/v2\/types\/page"}],"author":[{"embeddable":true,"href":"https:\/\/cusc-ccreu.ca\/wordpress\/index.php?rest_route=\/wp\/v2\/users\/1"}],"replies":[{"embeddable":true,"href":"https:\/\/cusc-ccreu.ca\/wordpress\/index.php?rest_route=%2Fwp%2Fv2%2Fcomments&post=212"}],"version-history":[{"count":4,"href":"https:\/\/cusc-ccreu.ca\/wordpress\/index.php?rest_route=\/wp\/v2\/pages\/212\/revisions"}],"predecessor-version":[{"id":572,"href":"https:\/\/cusc-ccreu.ca\/wordpress\/index.php?rest_route=\/wp\/v2\/pages\/212\/revisions\/572"}],"up":[{"embeddable":true,"href":"https:\/\/cusc-ccreu.ca\/wordpress\/index.php?rest_route=\/wp\/v2\/pages\/185"}],"wp:attachment":[{"href":"https:\/\/cusc-ccreu.ca\/wordpress\/index.php?rest_route=%2Fwp%2Fv2%2Fmedia&parent=212"}],"curies":[{"name":"wp","href":"https:\/\/api.w.org\/{rel}","templated":true}]}}