{"id":205,"date":"2017-12-20T23:26:16","date_gmt":"2017-12-20T23:26:16","guid":{"rendered":"https:\/\/cusc-ccreu.ca\/wordpress\/?page_id=205"},"modified":"2023-09-18T17:33:59","modified_gmt":"2023-09-18T22:33:59","slug":"205-2","status":"publish","type":"page","link":"https:\/\/cusc-ccreu.ca\/wordpress\/?page_id=205&lang=fr","title":{"rendered":"Nous joindre"},"content":{"rendered":"\n<h2 class=\"wp-block-heading\"> MEMBRES du CONSEIL D&#8217;ADMINISTRATION <\/h2>\n\n\n<style>\/*  div wrapped around entire staff list  *\/\r\n    div.staff-member-listing {\r\n}\r\n\/*  div wrapped around each staff member  *\/\r\ndiv.staff-member {\r\n    padding-top: 3em;\r\n    margin-bottom: 3em;\r\n}\r\n\/*  Even staff member  *\/\r\ndiv.staff-member.even {\r\n}\r\n\/*  Odd staff member  *\/\r\ndiv.staff-member.odd {\r\n    margin-top: 2em;\r\n}\r\n\/*  Last staff member  *\/\r\ndiv.staff-member.last {\r\n    padding-bottom: 0;\r\n    border: none;\r\n}\r\n\/*  Wrap around staff info  *\/\r\n.staff-member-info-wrap {\r\n    float: left;\r\n    width: 100%;\r\n    margin-left: 0%;\r\n}\r\n\/*  [staff-bio-formatted]  *\/\r\ndiv.staff-member-bio {\r\n}\r\n\/*  p tags within [staff-bio-formatted]  *\/\r\ndiv.staff-member-bio p {\r\n}\r\n\/*  [staff-photo]  *\/\r\nimg.staff-member-photo {\r\n    float: left;\r\n}\r\n\/*  [staff-email-link]  *\/\r\n.staff-member-email {\r\n}\r\n\/*  [staff-name-formatted]  *\/\r\ndiv.staff-member-listing h3.staff-member-name {\r\n    margin: 0;\r\n}\r\n\/*  [staff-position-formatted]  *\/\r\ndiv.staff-member-listing h4.staff-member-position {\r\n    margin: 0;\r\n}\r\n\/* Clearfix for div.staff-member *\/\r\ndiv.staff-member:after {\r\n    content: &quot;&quot;;\r\n    display: block;\r\n    clear: both;\r\n}\r\n\/* Clearfix for &lt;= IE7 *\/\r\n* html div.staff-member { height: 1%; }\r\ndiv.staff-member { display: block; }\r\n<\/style><div class=\"staff-member-listing executif-fr\"><div class=\"staff-member even \">\r\n    <div class=\"staff-member-info-wrap\">\r\n        <br><h4 class=\"staff-member-position\">Pr\u00e9sident<\/h4><br>\r\n        <b>Wayne Sun<\/b><br>\r\n        Simon Fraser University<br>\r\n        <a class=\"staff-member-email\" href=\"mailto:&#112;&#114;esi&#100;&#101;n&#116;&#064;cus&#099;-&#099;&#099;r&#101;&#117;&#046;&#099;&#097;\" title=\"Email Wayne Sun\">pr&#101;s&#105;&#100;en&#116;&#064;&#099;&#117;s&#099;&#045;&#099;cr&#101;&#117;&#046;c&#097;<\/a>\r\n    <\/div>\r\n<\/div> <!-- Close staff-member --><div class=\"staff-member odd \">\r\n    <div class=\"staff-member-info-wrap\">\r\n        <br><h4 class=\"staff-member-position\">Vice-Pr\u00e9sidente et Tr\u00e9sori\u00e8re<\/h4><br>\r\n        <b>Mandy Moser<\/b><br>\r\n        University of Lethbridge<br>\r\n        <a class=\"staff-member-email\" href=\"mailto:v&#105;&#099;&#101;-presi&#100;en&#116;&#064;c&#117;sc&#045;c&#099;&#114;e&#117;.c&#097;\" title=\"Email Mandy Moser\">&#118;i&#099;e&#045;p&#114;e&#115;&#105;&#100;e&#110;t&#064;c&#117;&#115;&#099;&#045;&#099;cre&#117;.c&#097;<\/a>\r\n    <\/div>\r\n<\/div> <!-- Close staff-member --><div class=\"staff-member even \">\r\n    <div class=\"staff-member-info-wrap\">\r\n        <br><h4 class=\"staff-member-position\">Pr\u00e9sident Sortant<\/h4><br>\r\n        <b>Tyler Hall<\/b><br>\r\n        Carleton University<br>\r\n        <a class=\"staff-member-email\" href=\"mailto:&#112;a&#115;&#116;&#045;&#112;&#114;&#101;s&#105;d&#101;n&#116;&#064;&#099;usc-ccr&#101;u.&#099;&#097;\" title=\"Email Tyler Hall\">p&#097;s&#116;&#045;&#112;residen&#116;&#064;c&#117;&#115;&#099;&#045;cc&#114;&#101;&#117;.c&#097;<\/a>\r\n    <\/div>\r\n<\/div> <!-- Close staff-member --><div class=\"staff-member odd  last\">\r\n    <div class=\"staff-member-info-wrap\">\r\n        <br><h4 class=\"staff-member-position\">Secr\u00e9taire<\/h4><br>\r\n        <b>Wendy Ing<\/b><br>\r\n        Universit\u00e9 Concordia<br>\r\n        <a class=\"staff-member-email\" href=\"mailto:&#115;&#101;c&#114;&#101;ta&#114;&#121;&#064;&#099;&#117;s&#099;-c&#099;r&#101;u.&#099;a\" title=\"Email Wendy Ing\">s&#101;&#099;&#114;&#101;&#116;&#097;ry&#064;&#099;&#117;s&#099;-&#099;c&#114;eu&#046;ca<\/a>\r\n    <\/div>\r\n<\/div> <!-- Close staff-member --><\/div> <!-- Close staff-member-listing -->\n\n\n<style>\/*  div wrapped around entire staff list  *\/\r\n    div.staff-member-listing {\r\n}\r\n\/*  div wrapped around each staff member  *\/\r\ndiv.staff-member {\r\n    padding-top: 3em;\r\n    margin-bottom: 3em;\r\n}\r\n\/*  Even staff member  *\/\r\ndiv.staff-member.even {\r\n}\r\n\/*  Odd staff member  *\/\r\ndiv.staff-member.odd {\r\n    margin-top: 2em;\r\n}\r\n\/*  Last staff member  *\/\r\ndiv.staff-member.last {\r\n    padding-bottom: 0;\r\n    border: none;\r\n}\r\n\/*  Wrap around staff info  *\/\r\n.staff-member-info-wrap {\r\n    float: left;\r\n    width: 100%;\r\n    margin-left: 0%;\r\n}\r\n\/*  [staff-bio-formatted]  *\/\r\ndiv.staff-member-bio {\r\n}\r\n\/*  p tags within [staff-bio-formatted]  *\/\r\ndiv.staff-member-bio p {\r\n}\r\n\/*  [staff-photo]  *\/\r\nimg.staff-member-photo {\r\n    float: left;\r\n}\r\n\/*  [staff-email-link]  *\/\r\n.staff-member-email {\r\n}\r\n\/*  [staff-name-formatted]  *\/\r\ndiv.staff-member-listing h3.staff-member-name {\r\n    margin: 0;\r\n}\r\n\/*  [staff-position-formatted]  *\/\r\ndiv.staff-member-listing h4.staff-member-position {\r\n    margin: 0;\r\n}\r\n\/* Clearfix for div.staff-member *\/\r\ndiv.staff-member:after {\r\n    content: &quot;&quot;;\r\n    display: block;\r\n    clear: both;\r\n}\r\n\/* Clearfix for &lt;= IE7 *\/\r\n* html div.staff-member { height: 1%; }\r\ndiv.staff-member { display: block; }\r\n<\/style><div class=\"staff-member-listing directeur-fr\"><div class=\"staff-member even \">\r\n    <div class=\"staff-member-info-wrap\">\r\n        <br><h4 class=\"staff-member-position\">Administratrice<\/h4><br>\r\n        <b>Kimberly Smith<\/b><br>\r\n        Mount Royal University<br>\r\n        \r\n    <\/div>\r\n<\/div> <!-- Close staff-member --><div class=\"staff-member odd \">\r\n    <div class=\"staff-member-info-wrap\">\r\n        <br><h4 class=\"staff-member-position\">Administrateur<\/h4><br>\r\n        <b>Christopher MacDonell<\/b><br>\r\n        The University of Winnipeg<br>\r\n        \r\n    <\/div>\r\n<\/div> <!-- Close staff-member --><div class=\"staff-member even \">\r\n    <div class=\"staff-member-info-wrap\">\r\n        <br><h4 class=\"staff-member-position\">Administratrice<\/h4><br>\r\n        <b>Rohem Adagbon<\/b><br>\r\n        University of Waterloo<br>\r\n        \r\n    <\/div>\r\n<\/div> <!-- Close staff-member --><div class=\"staff-member odd \">\r\n    <div class=\"staff-member-info-wrap\">\r\n        <br><h4 class=\"staff-member-position\">Administratrice<\/h4><br>\r\n        <b>Yifei Li<\/b><br>\r\n        University of the Fraser Valley<br>\r\n        \r\n    <\/div>\r\n<\/div> <!-- Close staff-member --><div class=\"staff-member even  last\">\r\n    <div class=\"staff-member-info-wrap\">\r\n        <br><h4 class=\"staff-member-position\">Administratrice<\/h4><br>\r\n        <b>Kimberley McCausland<\/b><br>\r\n        Toronto Metropolitan University<br>\r\n        \r\n    <\/div>\r\n<\/div> <!-- Close staff-member --><\/div> <!-- Close staff-member-listing -->\n\n\n<style>\/*  div wrapped around entire staff list  *\/\r\n    div.staff-member-listing {\r\n}\r\n\/*  div wrapped around each staff member  *\/\r\ndiv.staff-member {\r\n    padding-top: 3em;\r\n    margin-bottom: 3em;\r\n}\r\n\/*  Even staff member  *\/\r\ndiv.staff-member.even {\r\n}\r\n\/*  Odd staff member  *\/\r\ndiv.staff-member.odd {\r\n    margin-top: 2em;\r\n}\r\n\/*  Last staff member  *\/\r\ndiv.staff-member.last {\r\n    padding-bottom: 0;\r\n    border: none;\r\n}\r\n\/*  Wrap around staff info  *\/\r\n.staff-member-info-wrap {\r\n    float: left;\r\n    width: 100%;\r\n    margin-left: 0%;\r\n}\r\n\/*  [staff-bio-formatted]  *\/\r\ndiv.staff-member-bio {\r\n}\r\n\/*  p tags within [staff-bio-formatted]  *\/\r\ndiv.staff-member-bio p {\r\n}\r\n\/*  [staff-photo]  *\/\r\nimg.staff-member-photo {\r\n    float: left;\r\n}\r\n\/*  [staff-email-link]  *\/\r\n.staff-member-email {\r\n}\r\n\/*  [staff-name-formatted]  *\/\r\ndiv.staff-member-listing h3.staff-member-name {\r\n    margin: 0;\r\n}\r\n\/*  [staff-position-formatted]  *\/\r\ndiv.staff-member-listing h4.staff-member-position {\r\n    margin: 0;\r\n}\r\n\/* Clearfix for div.staff-member *\/\r\ndiv.staff-member:after {\r\n    content: &quot;&quot;;\r\n    display: block;\r\n    clear: both;\r\n}\r\n\/* Clearfix for &lt;= IE7 *\/\r\n* html div.staff-member { height: 1%; }\r\ndiv.staff-member { display: block; }\r\n<\/style><div class=\"staff-member-listing soutien-fr\"><div class=\"staff-member even \">\r\n    <div class=\"staff-member-info-wrap\">\r\n        <br><h4 class=\"staff-member-position\">Coordinatrice de projets<\/h4><br>\r\n        <b>Linda Kupp<\/b><br>\r\n        <br>\r\n        <a class=\"staff-member-email\" href=\"mailto:&#097;dm&#105;&#110;&#064;&#099;&#117;sc-&#099;&#099;&#114;&#101;u.c&#097;\" title=\"Email Linda Kupp\">a&#100;&#109;&#105;n&#064;&#099;us&#099;&#045;ccr&#101;&#117;&#046;c&#097;<\/a>\r\n    <\/div>\r\n<\/div> <!-- Close staff-member --><div class=\"staff-member odd  last\">\r\n    <div class=\"staff-member-info-wrap\">\r\n        <br><h4 class=\"staff-member-position\">Coordinateur marketing et site web<\/h4><br>\r\n        <b>Glenn Keeler<\/b><br>\r\n        <br>\r\n        <a class=\"staff-member-email\" href=\"mailto:we&#098;s&#117;ppo&#114;t&#064;&#099;u&#115;c-cc&#114;&#101;&#117;.c&#097;\" title=\"Email Glenn Keeler\">&#119;eb&#115;upp&#111;rt&#064;&#099;&#117;s&#099;&#045;ccr&#101;u&#046;&#099;a<\/a>\r\n    <\/div>\r\n<\/div> <!-- Close staff-member --><\/div> <!-- Close staff-member-listing -->\n","protected":false},"excerpt":{"rendered":"<p>MEMBRES du CONSEIL D&#8217;ADMINISTRATION<\/p>\n","protected":false},"author":1,"featured_media":0,"parent":185,"menu_order":0,"comment_status":"closed","ping_status":"closed","template":"","meta":{"_uag_custom_page_level_css":"","site-sidebar-layout":"default","site-content-layout":"","ast-site-content-layout":"default","site-content-style":"default","site-sidebar-style":"default","ast-global-header-display":"","ast-banner-title-visibility":"","ast-main-header-display":"","ast-hfb-above-header-display":"","ast-hfb-below-header-display":"","ast-hfb-mobile-header-display":"","site-post-title":"","ast-breadcrumbs-content":"","ast-featured-img":"","footer-sml-layout":"","ast-disable-related-posts":"","theme-transparent-header-meta":"","adv-header-id-meta":"","stick-header-meta":"","header-above-stick-meta":"","header-main-stick-meta":"","header-below-stick-meta":"","astra-migrate-meta-layouts":"default","ast-page-background-enabled":"default","ast-page-background-meta":{"desktop":{"background-color":"var(--ast-global-color-4)","background-image":"","background-repeat":"repeat","background-position":"center center","background-size":"auto","background-attachment":"scroll","background-type":"","background-media":"","overlay-type":"","overlay-color":"","overlay-opacity":"","overlay-gradient":""},"tablet":{"background-color":"","background-image":"","background-repeat":"repeat","background-position":"center center","background-size":"auto","background-attachment":"scroll","background-type":"","background-media":"","overlay-type":"","overlay-color":"","overlay-opacity":"","overlay-gradient":""},"mobile":{"background-color":"","background-image":"","background-repeat":"repeat","background-position":"center center","background-size":"auto","background-attachment":"scroll","background-type":"","background-media":"","overlay-type":"","overlay-color":"","overlay-opacity":"","overlay-gradient":""}},"ast-content-background-meta":{"desktop":{"background-color":"var(--ast-global-color-5)","background-image":"","background-repeat":"repeat","background-position":"center center","background-size":"auto","background-attachment":"scroll","background-type":"","background-media":"","overlay-type":"","overlay-color":"","overlay-opacity":"","overlay-gradient":""},"tablet":{"background-color":"var(--ast-global-color-5)","background-image":"","background-repeat":"repeat","background-position":"center center","background-size":"auto","background-attachment":"scroll","background-type":"","background-media":"","overlay-type":"","overlay-color":"","overlay-opacity":"","overlay-gradient":""},"mobile":{"background-color":"var(--ast-global-color-5)","background-image":"","background-repeat":"repeat","background-position":"center center","background-size":"auto","background-attachment":"scroll","background-type":"","background-media":"","overlay-type":"","overlay-color":"","overlay-opacity":"","overlay-gradient":""}},"footnotes":""},"class_list":["post-205","page","type-page","status-publish","hentry"],"uagb_featured_image_src":{"full":false,"thumbnail":false,"medium":false,"medium_large":false,"large":false,"1536x1536":false,"2048x2048":false},"uagb_author_info":{"display_name":"cuscccreu_0","author_link":"https:\/\/cusc-ccreu.ca\/wordpress\/?author=1"},"uagb_comment_info":0,"uagb_excerpt":"MEMBRES du CONSEIL D&#8217;ADMINISTRATION","_links":{"self":[{"href":"https:\/\/cusc-ccreu.ca\/wordpress\/index.php?rest_route=\/wp\/v2\/pages\/205","targetHints":{"allow":["GET"]}}],"collection":[{"href":"https:\/\/cusc-ccreu.ca\/wordpress\/index.php?rest_route=\/wp\/v2\/pages"}],"about":[{"href":"https:\/\/cusc-ccreu.ca\/wordpress\/index.php?rest_route=\/wp\/v2\/types\/page"}],"author":[{"embeddable":true,"href":"https:\/\/cusc-ccreu.ca\/wordpress\/index.php?rest_route=\/wp\/v2\/users\/1"}],"replies":[{"embeddable":true,"href":"https:\/\/cusc-ccreu.ca\/wordpress\/index.php?rest_route=%2Fwp%2Fv2%2Fcomments&post=205"}],"version-history":[{"count":25,"href":"https:\/\/cusc-ccreu.ca\/wordpress\/index.php?rest_route=\/wp\/v2\/pages\/205\/revisions"}],"predecessor-version":[{"id":2573,"href":"https:\/\/cusc-ccreu.ca\/wordpress\/index.php?rest_route=\/wp\/v2\/pages\/205\/revisions\/2573"}],"up":[{"embeddable":true,"href":"https:\/\/cusc-ccreu.ca\/wordpress\/index.php?rest_route=\/wp\/v2\/pages\/185"}],"wp:attachment":[{"href":"https:\/\/cusc-ccreu.ca\/wordpress\/index.php?rest_route=%2Fwp%2Fv2%2Fmedia&parent=205"}],"curies":[{"name":"wp","href":"https:\/\/api.w.org\/{rel}","templated":true}]}}